{"id":35,"date":"2024-12-03T16:42:50","date_gmt":"2024-12-03T16:42:50","guid":{"rendered":"https:\/\/cdreformasintegrales.com\/?page_id=35"},"modified":"2024-12-12T12:29:42","modified_gmt":"2024-12-12T12:29:42","slug":"galeria-de-trabajos","status":"publish","type":"page","link":"https:\/\/cdreformasintegrales.com\/?page_id=35","title":{"rendered":"GALER\u00cdA DE TRABAJOS"},"content":{"rendered":"<p>[et_pb_section fb_built=\u00bb1&#8243; _builder_version=\u00bb4.21.0&#8243; _module_preset=\u00bbdefault\u00bb custom_padding=\u00bb91px||91px|||\u00bb global_colors_info=\u00bb{}\u00bb][et_pb_row use_custom_gutter=\u00bbon\u00bb gutter_width=\u00bb2&#8243; make_equal=\u00bbon\u00bb _builder_version=\u00bb4.16&#8243; width=\u00bb90%\u00bb width_tablet=\u00bb90%\u00bb width_phone=\u00bb90%\u00bb width_last_edited=\u00bbon|phone\u00bb max_width=\u00bb1280px\u00bb max_width_tablet=\u00bb90%\u00bb max_width_phone=\u00bb90%\u00bb max_width_last_edited=\u00bbon|tablet\u00bb custom_padding=\u00bb9px||||false|false\u00bb locked=\u00bboff\u00bb global_colors_info=\u00bb{}\u00bb][et_pb_column type=\u00bb4_4&#8243; _builder_version=\u00bb4.16&#8243; global_colors_info=\u00bb{}\u00bb][et_pb_text _builder_version=\u00bb4.27.4&#8243; header_font=\u00bbPoppins|800|||||||\u00bb header_text_align=\u00bbcenter\u00bb header_text_color=\u00bbrgba(0,0,0,0.05)\u00bb header_font_size=\u00bb145px\u00bb custom_padding=\u00bb||||false|false\u00bb hover_enabled=\u00bb0&#8243; header_font_size_tablet=\u00bb\u00bb header_font_size_phone=\u00bb60px\u00bb header_font_size_last_edited=\u00bbon|desktop\u00bb global_colors_info=\u00bb{}\u00bb sticky_enabled=\u00bb0&#8243;]<\/p>\n<h1>Galer\u00eda<\/h1>\n<p>[\/et_pb_text][et_pb_text _builder_version=\u00bb4.21.0&#8243; text_font=\u00bb|600|||||||\u00bb text_text_color=\u00bb#000000&#8243; text_font_size=\u00bb35px\u00bb text_line_height=\u00bb1em\u00bb text_orientation=\u00bbcenter\u00bb custom_margin=\u00bb-95px||26px||false|false\u00bb custom_margin_tablet=\u00bb-123px||||false|false\u00bb custom_margin_phone=\u00bb-70px||||false|false\u00bb custom_margin_last_edited=\u00bbon|desktop\u00bb text_font_size_tablet=\u00bb\u00bb text_font_size_phone=\u00bb30px\u00bb text_font_size_last_edited=\u00bbon|desktop\u00bb text_text_align=\u00bbcenter\u00bb global_colors_info=\u00bb{}\u00bb]<\/p>\n<p>Nuestros Trabajos<\/p>\n<p>[\/et_pb_text][et_pb_text _builder_version=\u00bb4.27.4&#8243; text_font=\u00bb|700|||||||\u00bb text_text_color=\u00bb#fe0000&#8243; text_font_size=\u00bb31px\u00bb text_line_height=\u00bb1em\u00bb text_orientation=\u00bbcenter\u00bb custom_margin=\u00bb-11px||||false|false\u00bb custom_margin_tablet=\u00bb\u00bb custom_margin_phone=\u00bb-20px||||false|false\u00bb custom_margin_last_edited=\u00bbon|desktop\u00bb hover_enabled=\u00bb0&#8243; text_font_size_tablet=\u00bb\u00bb text_font_size_phone=\u00bb30px\u00bb text_font_size_last_edited=\u00bbon|desktop\u00bb text_text_align=\u00bbcenter\u00bb global_colors_info=\u00bb{}\u00bb sticky_enabled=\u00bb0&#8243;]<\/p>\n<p>Todo lo que necesitas para tu reforma<\/p>\n<p>[\/et_pb_text][\/et_pb_column][\/et_pb_row][et_pb_row use_custom_gutter=\u00bbon\u00bb gutter_width=\u00bb2&#8243; _builder_version=\u00bb4.26.1&#8243; _module_preset=\u00bbdefault\u00bb width=\u00bb90%\u00bb max_width=\u00bb1774px\u00bb custom_padding=\u00bb69px|||||\u00bb global_colors_info=\u00bb{}\u00bb][et_pb_column type=\u00bb4_4&#8243; _builder_version=\u00bb4.21.0&#8243; _module_preset=\u00bbdefault\u00bb global_colors_info=\u00bb{}\u00bb][et_pb_gallery gallery_ids=\u00bb112,113,114,115,116,117,118,119,120,121,122,123,124,125,126,127,128,129,130,131,132,133,134,135,136,137,138,139,140,141,142,143,144,145,146&#8243; posts_number=\u00bb36&#8243; show_title_and_caption=\u00bboff\u00bb show_pagination=\u00bboff\u00bb _builder_version=\u00bb4.27.4&#8243; _module_preset=\u00bbdefault\u00bb hover_enabled=\u00bb0&#8243; global_colors_info=\u00bb{}\u00bb sticky_enabled=\u00bb0&#8243;][\/et_pb_gallery][\/et_pb_column][\/et_pb_row][\/et_pb_section]<\/p>\n","protected":false},"excerpt":{"rendered":"<p>Galer\u00edaNuestros TrabajosTodo lo que necesitas para tu reforma<\/p>\n","protected":false},"author":1,"featured_media":0,"parent":0,"menu_order":0,"comment_status":"closed","ping_status":"closed","template":"","meta":{"_et_pb_use_builder":"on","_et_pb_old_content":"","_et_gb_content_width":"","_joinchat":[],"footnotes":""},"class_list":["post-35","page","type-page","status-publish","hentry"],"yoast_head":"<!-- This site is optimized with the Yoast SEO plugin v27.4 - https:\/\/yoast.com\/product\/yoast-seo-wordpress\/ -->\n<title>GALER\u00cdA DE TRABAJOS - CD REFORMAS INTEGRALES<\/title>\n<meta name=\"robots\" content=\"index, follow, max-snippet:-1, max-image-preview:large, max-video-preview:-1\" \/>\n<link rel=\"canonical\" href=\"https:\/\/cdreformasintegrales.com\/?page_id=35\" \/>\n<meta property=\"og:locale\" content=\"es_ES\" \/>\n<meta property=\"og:type\" content=\"article\" \/>\n<meta property=\"og:title\" content=\"GALER\u00cdA DE TRABAJOS - CD REFORMAS INTEGRALES\" \/>\n<meta property=\"og:description\" content=\"Galer\u00edaNuestros TrabajosTodo lo que necesitas para tu reforma\" \/>\n<meta property=\"og:url\" content=\"https:\/\/cdreformasintegrales.com\/?page_id=35\" \/>\n<meta property=\"og:site_name\" content=\"CD REFORMAS INTEGRALES\" \/>\n<meta property=\"article:modified_time\" content=\"2024-12-12T12:29:42+00:00\" \/>\n<meta name=\"twitter:card\" content=\"summary_large_image\" \/>\n<meta name=\"twitter:label1\" content=\"Tiempo de lectura\" \/>\n\t<meta name=\"twitter:data1\" content=\"2 minutos\" \/>\n<script type=\"application\/ld+json\" class=\"yoast-schema-graph\">{\"@context\":\"https:\\\/\\\/schema.org\",\"@graph\":[{\"@type\":\"WebPage\",\"@id\":\"https:\\\/\\\/cdreformasintegrales.com\\\/?page_id=35\",\"url\":\"https:\\\/\\\/cdreformasintegrales.com\\\/?page_id=35\",\"name\":\"GALER\u00cdA DE TRABAJOS - CD REFORMAS INTEGRALES\",\"isPartOf\":{\"@id\":\"https:\\\/\\\/cdreformasintegrales.com\\\/#website\"},\"datePublished\":\"2024-12-03T16:42:50+00:00\",\"dateModified\":\"2024-12-12T12:29:42+00:00\",\"breadcrumb\":{\"@id\":\"https:\\\/\\\/cdreformasintegrales.com\\\/?page_id=35#breadcrumb\"},\"inLanguage\":\"es\",\"potentialAction\":[{\"@type\":\"ReadAction\",\"target\":[\"https:\\\/\\\/cdreformasintegrales.com\\\/?page_id=35\"]}]},{\"@type\":\"BreadcrumbList\",\"@id\":\"https:\\\/\\\/cdreformasintegrales.com\\\/?page_id=35#breadcrumb\",\"itemListElement\":[{\"@type\":\"ListItem\",\"position\":1,\"name\":\"Portada\",\"item\":\"https:\\\/\\\/cdreformasintegrales.com\\\/\"},{\"@type\":\"ListItem\",\"position\":2,\"name\":\"GALER\u00cdA DE TRABAJOS\"}]},{\"@type\":\"WebSite\",\"@id\":\"https:\\\/\\\/cdreformasintegrales.com\\\/#website\",\"url\":\"https:\\\/\\\/cdreformasintegrales.com\\\/\",\"name\":\"CD REFORMAS INTEGRALES\",\"description\":\"Reformas integrales, Ba\u00f1os, Cocinas, Alba\u00f1iler\u00eda, Pladur, Yeso, Masilla, Pintura, Carpinter\u00eda, Ventanas, Fontaner\u00eda, Electricidad. Contacto +34 653 088 040\",\"publisher\":{\"@id\":\"https:\\\/\\\/cdreformasintegrales.com\\\/#organization\"},\"potentialAction\":[{\"@type\":\"SearchAction\",\"target\":{\"@type\":\"EntryPoint\",\"urlTemplate\":\"https:\\\/\\\/cdreformasintegrales.com\\\/?s={search_term_string}\"},\"query-input\":{\"@type\":\"PropertyValueSpecification\",\"valueRequired\":true,\"valueName\":\"search_term_string\"}}],\"inLanguage\":\"es\"},{\"@type\":\"Organization\",\"@id\":\"https:\\\/\\\/cdreformasintegrales.com\\\/#organization\",\"name\":\"CD REFORMAS INTEGRALES\",\"url\":\"https:\\\/\\\/cdreformasintegrales.com\\\/\",\"logo\":{\"@type\":\"ImageObject\",\"inLanguage\":\"es\",\"@id\":\"https:\\\/\\\/cdreformasintegrales.com\\\/#\\\/schema\\\/logo\\\/image\\\/\",\"url\":\"https:\\\/\\\/cdreformasintegrales.com\\\/wp-content\\\/uploads\\\/2024\\\/12\\\/002-LOGOTIPO-CD-REFORMAS-INTEGRALES.png\",\"contentUrl\":\"https:\\\/\\\/cdreformasintegrales.com\\\/wp-content\\\/uploads\\\/2024\\\/12\\\/002-LOGOTIPO-CD-REFORMAS-INTEGRALES.png\",\"width\":3279,\"height\":1266,\"caption\":\"CD REFORMAS INTEGRALES\"},\"image\":{\"@id\":\"https:\\\/\\\/cdreformasintegrales.com\\\/#\\\/schema\\\/logo\\\/image\\\/\"}}]}<\/script>\n<!-- \/ Yoast SEO plugin. -->","yoast_head_json":{"title":"GALER\u00cdA DE TRABAJOS - CD REFORMAS INTEGRALES","robots":{"index":"index","follow":"follow","max-snippet":"max-snippet:-1","max-image-preview":"max-image-preview:large","max-video-preview":"max-video-preview:-1"},"canonical":"https:\/\/cdreformasintegrales.com\/?page_id=35","og_locale":"es_ES","og_type":"article","og_title":"GALER\u00cdA DE TRABAJOS - CD REFORMAS INTEGRALES","og_description":"Galer\u00edaNuestros TrabajosTodo lo que necesitas para tu reforma","og_url":"https:\/\/cdreformasintegrales.com\/?page_id=35","og_site_name":"CD REFORMAS INTEGRALES","article_modified_time":"2024-12-12T12:29:42+00:00","twitter_card":"summary_large_image","twitter_misc":{"Tiempo de lectura":"2 minutos"},"schema":{"@context":"https:\/\/schema.org","@graph":[{"@type":"WebPage","@id":"https:\/\/cdreformasintegrales.com\/?page_id=35","url":"https:\/\/cdreformasintegrales.com\/?page_id=35","name":"GALER\u00cdA DE TRABAJOS - CD REFORMAS INTEGRALES","isPartOf":{"@id":"https:\/\/cdreformasintegrales.com\/#website"},"datePublished":"2024-12-03T16:42:50+00:00","dateModified":"2024-12-12T12:29:42+00:00","breadcrumb":{"@id":"https:\/\/cdreformasintegrales.com\/?page_id=35#breadcrumb"},"inLanguage":"es","potentialAction":[{"@type":"ReadAction","target":["https:\/\/cdreformasintegrales.com\/?page_id=35"]}]},{"@type":"BreadcrumbList","@id":"https:\/\/cdreformasintegrales.com\/?page_id=35#breadcrumb","itemListElement":[{"@type":"ListItem","position":1,"name":"Portada","item":"https:\/\/cdreformasintegrales.com\/"},{"@type":"ListItem","position":2,"name":"GALER\u00cdA DE TRABAJOS"}]},{"@type":"WebSite","@id":"https:\/\/cdreformasintegrales.com\/#website","url":"https:\/\/cdreformasintegrales.com\/","name":"CD REFORMAS INTEGRALES","description":"Reformas integrales, Ba\u00f1os, Cocinas, Alba\u00f1iler\u00eda, Pladur, Yeso, Masilla, Pintura, Carpinter\u00eda, Ventanas, Fontaner\u00eda, Electricidad. Contacto +34 653 088 040","publisher":{"@id":"https:\/\/cdreformasintegrales.com\/#organization"},"potentialAction":[{"@type":"SearchAction","target":{"@type":"EntryPoint","urlTemplate":"https:\/\/cdreformasintegrales.com\/?s={search_term_string}"},"query-input":{"@type":"PropertyValueSpecification","valueRequired":true,"valueName":"search_term_string"}}],"inLanguage":"es"},{"@type":"Organization","@id":"https:\/\/cdreformasintegrales.com\/#organization","name":"CD REFORMAS INTEGRALES","url":"https:\/\/cdreformasintegrales.com\/","logo":{"@type":"ImageObject","inLanguage":"es","@id":"https:\/\/cdreformasintegrales.com\/#\/schema\/logo\/image\/","url":"https:\/\/cdreformasintegrales.com\/wp-content\/uploads\/2024\/12\/002-LOGOTIPO-CD-REFORMAS-INTEGRALES.png","contentUrl":"https:\/\/cdreformasintegrales.com\/wp-content\/uploads\/2024\/12\/002-LOGOTIPO-CD-REFORMAS-INTEGRALES.png","width":3279,"height":1266,"caption":"CD REFORMAS INTEGRALES"},"image":{"@id":"https:\/\/cdreformasintegrales.com\/#\/schema\/logo\/image\/"}}]}},"_links":{"self":[{"href":"https:\/\/cdreformasintegrales.com\/index.php?rest_route=\/wp\/v2\/pages\/35","targetHints":{"allow":["GET"]}}],"collection":[{"href":"https:\/\/cdreformasintegrales.com\/index.php?rest_route=\/wp\/v2\/pages"}],"about":[{"href":"https:\/\/cdreformasintegrales.com\/index.php?rest_route=\/wp\/v2\/types\/page"}],"author":[{"embeddable":true,"href":"https:\/\/cdreformasintegrales.com\/index.php?rest_route=\/wp\/v2\/users\/1"}],"replies":[{"embeddable":true,"href":"https:\/\/cdreformasintegrales.com\/index.php?rest_route=%2Fwp%2Fv2%2Fcomments&post=35"}],"version-history":[{"count":0,"href":"https:\/\/cdreformasintegrales.com\/index.php?rest_route=\/wp\/v2\/pages\/35\/revisions"}],"wp:attachment":[{"href":"https:\/\/cdreformasintegrales.com\/index.php?rest_route=%2Fwp%2Fv2%2Fmedia&parent=35"}],"curies":[{"name":"wp","href":"https:\/\/api.w.org\/{rel}","templated":true}]}}